mon factor of 19857200 and 2640?
880
Calculate the greatest common divisor of 1598104836 and 54.
54
Calculate the greatest common factor of 114 and 7190588.
38
Calculate the highest common divisor of 119079 and 5678457.
393
Calculate the greatest common factor of 4111885 and 1765.
5
What is the highest common divisor of 19126637 and 1915?
383
Calculate the greatest common divisor of 1107 and 69879375.
1107
Calculate the highest common factor of 1074690 and 419670.
90
What is the highest common divisor of 539 and 371978992?
539
What is the greatest common factor of 895830 and 870?
30
Calculate the highest common factor of 75924 and 20017.
37
What is the highest common factor of 3765888 and 700?
28
What is the highest common factor of 3784 and 58873837?
473
Calculate the highest common divisor of 146712 and 148152.
24
What is the highest common factor of 3105 and 60859215?
135
What is the highest common factor of 110002742 and 209?
19
Calculate the greatest common divisor of 108582 and 62.
2
What is the highest common factor of 3340 and 2189036?
668
Calculate the highest common divisor of 29025 and 329415.
15
Calculate the highest common divisor of 41540 and 91552083.
2077
What is the greatest common factor of 744 and 2372430?
186
What is the highest common divisor of 3808 and 15263654?
238
Calculate the highest common factor of 615597644 and 152.
76
What is the greatest common factor of 614017599 and 533?
533
Calculate the greatest common factor of 39 and 550328259.
39
What is the greatest common divisor of 59963968 and 896?
64
Calculate the greatest common factor of 14742 and 6586866.
702
What is the greatest common factor of 4522 and 14342492?
646
Calculate the highest common divisor of 1860 and 15766755.
465
Calculate the highest common divisor of 1204 and 178497214.
602
What is the greatest common divisor of 38577 and 633864?
231
What is the highest common factor of 225 and 152281170?
45
What is the highest common divisor of 491023 and 1612?
13
Calculate the highest common factor of 10554 and 7254116.
3518
Calculate the greatest common divisor of 1640103 and 3798.
633
Calculate the greatest common divisor of 134371953 and 243.
243
What is the greatest common divisor of 5334 and 26630884?
1778
What is the highest common factor of 31897164 and 9035?
1807
What is the greatest common divisor of 3816320 and 9045?
335
What is the highest common factor of 13892846 and 110?
22
What is the greatest common factor of 861 and 33419141?
287
What is the highest common divisor of 12584 and 21175?
121
Calculate the greatest common factor of 9744 and 30086.
14
What is the highest common divisor of 32924835 and 1544?
193
What is the greatest common divisor of 446711 and 2693277?
4337
What is the highest common divisor of 12910689 and 1980?
99
Calculate the greatest common factor of 4627315 and 151165.
245
What is the highest common factor of 700 and 64482460?
140
Calculate the greatest common divisor of 282310 and 238280.
2590
Calculate the highest common factor of 272 and 10269956.
4
What is the greatest common factor of 181808 and 2392428?
4132
Calculate the greatest common factor of 60 and 8621265.
15
Calculate the greatest common divisor of 140673 and 318747.
39
What is the greatest common divisor of 3816168 and 72?
24
What is the highest common divisor of 169728957 and 1434?
717
Calculate the greatest common divisor of 594438628 and 28.
28
Calculate the highest common divisor of 33864 and 21216.
408
What is the highest common factor of 27153095 and 55?
5
What is the greatest common factor of 20782325 and 807175?
9725
What is the greatest common factor of 5595150 and 1628?
22
What is the greatest common divisor of 61133597 and 1589?
1589
Calculate the greatest common factor of 392 and 10023734.
98
What is the greatest common factor of 3866016 and 33264?
3696
Calculate the highest common divisor of 155 and 28793885.
155
Calculate the greatest common divisor of 4002 and 360992.
58
Calculate the highest common divisor of 7068228 and 312968.
2204
Calculate the greatest common divisor of 2779 and 581008309.
2779
Calculate the highest common divisor of 182 and 6768853.
91
Calculate the greatest common divisor of 366 and 13814914.
122
What is the greatest common factor of 731164316 and 164?
164
What is the greatest common factor of 696590 and 954838?
3398
What is the highest common divisor of 42784 and 19586?
14
What is the highest common factor of 16251655 and 105?
35
What is the greatest common factor of 7809 and 535533?
411
Calculate the highest common divisor of 120757032 and 1452.
1452
Calculate the highest common divisor of 4473 and 435771.
63
Calculate the highest common factor of 4182 and 440217.
123
Calculate the highest common divisor of 1551600 and 57754.
862
Calculate the highest common divisor of 23844100 and 575.
575
Calculate the highest common factor of 10042985 and 21979.
709
Calculate the greatest common divisor of 1235 and 9420775.
65
Calculate the greatest common divisor of 815 and 2619736.
163
What is the highest common factor of 264971401 and 85?
17
What is the greatest common factor of 88961 and 19856?
17
Calculate the highest common divisor of 72 and 1139266476.
36
Calculate the highest common factor of 6575 and 31975.
25
What is the highest common factor of 1709037 and 1221?
33
Calculate the greatest common factor of 119375 and 80000.
625
What is the greatest common factor of 112 and 82306?
14
What is the highest common factor of 212 and 12661594?
106
Calculate the greatest common factor of 33963 and 39573.
3
What is the greatest common factor of 33661494 and 116748?
2538
Calculate the highest common divisor of 3209 and 174810275.
3209
What is the highest common divisor of 51712 and 1569944?
808
Calculate the highest common divisor of 978 and 8938.
2
Calculate the highest common divisor of 170635227 and 98.
7
Calculate the highest common factor of 256 and 2986928.
16
Calculate the greatest common divisor of 2442183396 and 636.
636
Calculate the greatest common factor of 6723 and 4000932.
747
What is the greatest common divisor of 62821536 and 62752?
1696
Calculate the highest common factor of 6572 and 128340.
124
Calculate the highest common divisor of 1055358809 and 3548.
887
Calculate the greatest common factor of 1557104 and 149816.
2456
Calculate the highest common factor of 25 and 1183290.
5
Calculate the greatest common factor of 6385062 and 144.
6
What is the greatest common factor of 304265 and 213967?
1963
What is the greatest common factor of 1848 and 16313?
11
What is the highest common factor of 130 and 365775033?
13
Calculate the highest common divisor of 1623743 and 8591.
11
Calculate the highest common factor of 59728721 and 13.
13
What is the highest common divisor of 4811 and 8313?
17
Calculate the greatest common factor of 1148248 and 66504.
136
Calculate the highest common divisor of 75115 and 6308.
83
What is the greatest common factor of 855958709 and 641?
641
What is the highest common divisor of 255534 and 11892?
6
Calculate the highest common divisor of 16837021 and 114.
19
Calculate the greatest common divisor of 1128 and 80193186.
282
Calculate the greatest common factor of 324422373 and 102.
51
What is the greatest common factor of 62 and 51840401?
31
Calculate the greatest common divisor of 16030289 and 1606.
803
What is the highest common divisor of 3364 and 1202572?
116
What is the highest common divisor of 138 and 2202738?
6
What is the greatest common factor of 175 and 54834225?
25
Calculate the highest common factor of 3489912 and 2996.
428
Calculate the highest common factor of 27173666 and 1314.
146
What is the highest common factor of 459 and 20128?
17
Calculate the greatest common divisor of 32109 and 2652573.
231
Calculate the highest common factor of 655664384 and 15872.
7936
Calculate the highest common divisor of 1053853 and 1207.
71
What is the greatest common factor of 198 and 53787228?
66
Calculate the greatest common factor of 558 and 212073635.
31
Calculate the highest common divisor of 1123 and 307.
1
What is the highest common divisor of 11524 and 100190?
86
Calculate the highest common divisor of 87150 and 638505.
105
Calculate the greatest common factor of 66216 and 376.
8
What is t